{"id":19,"date":"2018-06-21T04:41:12","date_gmt":"2018-06-21T04:41:12","guid":{"rendered":"http:\/\/www.mggestion.es\/desarrollo\/?page_id=19"},"modified":"2023-05-24T12:02:17","modified_gmt":"2023-05-24T10:02:17","slug":"contacto","status":"publish","type":"page","link":"https:\/\/www.mggestion.es\/home\/contacto\/","title":{"rendered":"Contacto"},"content":{"rendered":"<p><span style=\"color: #3366ff;\">Puede contactar con nosotros para cualquier comentario, sugerencia o petici\u00f3n, y estaremos encantados de atenderle a la mayor brevedad posible.<\/span><br><span style=\"color: #3366ff;\">Muchas Gracias.<\/span><\/p>\n<div style=\"display:none\" class=\"fm-form-container fm-theme1\"><div id=\"fm-pages1\" class=\"fm-pages wdform_page_navigation \" show_title=\"\" show_numbers=\"1\" type=\"none\"><\/div><form name=\"form1\" action=\"\/home\/wp-json\/wp\/v2\/pages\/19\" method=\"post\" id=\"form1\" class=\"fm-form form1  \" enctype=\"multipart\/form-data\"><input type=\"hidden\" id=\"counter1\" value=\"11\" name=\"counter1\" \/><input type=\"hidden\" id=\"Itemid1\" value=\"\" name=\"Itemid1\" \/><input type=\"text\" class=\"fm-hide\" id=\"fm_bot_validation1\" value=\"\" name=\"fm_bot_validation1\" \/><input type=\"text\" class=\"fm-hide\" id=\"fm_empty_field_validation1\" value=\"\" name=\"fm_empty_field_validation1\" data-value=\"450917f5ed5a4eeced95a93637f2ee88\" \/><input type=\"hidden\" id=\"fm_form_nonce1\" name=\"fm_form_nonce1\" value=\"06fa91cccf\" \/><input type=\"hidden\" name=\"_wp_http_referer\" value=\"\/home\/wp-json\/wp\/v2\/pages\/19\" \/><div class=\"wdform-page-and-images fm-form-builder\"><div id=\"1form_view1\" class=\"wdform_page\" page_title=\"Untitled page\" next_title=\"Next\" next_type=\"text\" next_class=\"wdform-page-button\" next_checkable=\"true\" previous_title=\"Previous\" previous_type=\"text\" previous_class=\"wdform-page-button\" previous_checkable=\"false\"><div class=\"wdform_section fm-col-1\" style=\"position: relative; left: 0px; top: 0px;\"><div class=\"wdform_column\"><div wdid=\"2\" class=\"wdform_row\"><div type=\"type_text\" class=\"wdform-field wd-width-100 wd-flex wd-flex-column\"><div class=\"wdform-label-section wd-width-100  wd-flex-row wd-align-items-center\">    <label  for=\"wdform_2_element1\" class=\"wdform-label\">Nombre<\/label><span class=\"wdform-required\">*<\/span><\/div><div class=\"wdform-element-section wd-flex  wd-flex-row wd-align-items-center wd-width-100\" ><input type=\"text\"                           class=\"wd-width-100\"                           id=\"wdform_2_element1\"                           name=\"wdform_2_element1\"                           value=\"\"                           title=\"\"                           placeholder=\"\"                                                       \/><\/div><\/div><\/div><div wdid=\"10\" class=\"wdform_row\" style=\"position: relative; left: 0px; top: 0px;\"><div type=\"type_editor\" class=\"wdform-field\"><p><br data-mce-bogus=\"1\"><\/p><\/div><\/div><\/div><div class=\"wdform_column\"><div wdid=\"3\" class=\"wdform_row\"><div type=\"type_submitter_mail\" class=\"wdform-field wd-width-100 wd-flex wd-flex-column\"><div class=\"wdform-label-section wd-width-100  wd-flex-row\">    <label  for=\"wdform_3_element1\" class=\"wdform-label\">Email<\/label><span class=\"wdform-required\">*<\/span><\/div><div class=\"wdform-element-section wd-flex  wd-flex-row wd-width-100\" ><input type=\"text\" class=\"wd-width-100\" id=\"wdform_3_element1\" name=\"wdform_3_element1\" value=\"\" title=\"\" placeholder=\"\"   onchange=\"wd_check_email('3', '1', 'This is not a valid email address.')\" \/><\/div><\/div><\/div><\/div><div class=\"wdform_column\"><div wdid=\"4\" class=\"wdform_row\"><div type=\"type_text\" class=\"wdform-field wd-width-100 wd-flex wd-flex-column\"><div class=\"wdform-label-section wd-width-100  wd-flex-row wd-align-items-center\">    <label  for=\"wdform_4_element1\" class=\"wdform-label\">Asunto<\/label><span class=\"wdform-required\">*<\/span><\/div><div class=\"wdform-element-section wd-flex  wd-flex-row wd-align-items-center wd-width-100\" ><input type=\"text\"                           class=\"wd-width-100\"                           id=\"wdform_4_element1\"                           name=\"wdform_4_element1\"                           value=\"\"                           title=\"\"                           placeholder=\"\"                                                       \/><\/div><\/div><\/div><\/div><div class=\"wdform_column\"><div wdid=\"5\" class=\"wdform_row\" style=\"position: relative; left: 0px; top: 0px;\"><div type=\"type_textarea\" class=\"wdform-field wd-width-100 wd-flex wd-flex-column\"><div class=\"wdform-label-section wd-width-100 \">    <label  for=\"wdform_5_element1\" class=\"wdform-label\">Mensaje<\/label><span class=\"wdform-required\">*<\/span><\/div><div class=\"wdform-element-section wd-flex  wd-width-100\" ><textarea class=\"wd-width-100\"                      id=\"wdform_5_element1\"                      name=\"wdform_5_element1\"                      placeholder=\"\"                      style=\"height: 100px;\"                      ><\/textarea><\/div><\/div><\/div><\/div><div class=\"wdform_column\"><div wdid=\"6\" class=\"wdform_row\"><div type=\"type_captcha\" class=\"wdform-field wd-width-100 wd-flex wd-flex-row\"><div class=\"wdform-label-section wd-width-30  wd-flex-row wd-align-items-center wd-hidden\">    <label  for=\"wd_captcha_input1\" class=\"wdform-label\">Verificar<\/label><\/div><div class=\"wdform-element-section wd-flex  wd-flex-row wd-align-items-center wd-width-100\" ><img type=\"captcha\"                           digit=\"4\"                           src=\" https:\/\/www.mggestion.es\/home\/wp-admin\/admin-ajax.php?action=formmakerwdcaptcha_fmc&nonce=c69b45ab8a&digit=4&i=1\"                           id=\"wd_captcha1\"                           class=\"captcha_img wd-hidden\"                            attribute=value \/><div class=\"captcha_refresh\" id=\"_element_refresh1\"  attribute=value><\/div><input type=\"text\"                              class=\"captcha_input\"                              id=\"wd_captcha_input1\"                              name=\"captcha_input\"                              style=\"width: 60px;\"                               attribute=value \/><\/div><\/div><\/div><div wdid=\"1\" class=\"wdform_row\" style=\"position: relative; left: 0px; top: 0px;\"><div type=\"type_submit_reset\" class=\"wdform-field wd-width-100 wd-flex wd-flex-column\"><div class=\"wdform-element-section wd-flex  wd-flex-row wd-justify-content-left wd-width-100\" ><button  type=\"button\" class=\"button-submit\" onclick=\"fm_submit_form('1');\"  data-ajax=\"0\"><span class=\"fm-submit-loading spinner fm-ico-spinner\"><\/span>Enviar<\/button><button  type=\"button\" class=\"button-reset wd-hidden\" onclick=\"fm_reset_form(1);\" >Reset<\/button><\/div><\/div><\/div><\/div><div class=\"wdform_column\"><div wdid=\"9\" class=\"wdform_row\" style=\"position: relative; left: 0px; top: 0px;\"><div type=\"type_editor\" class=\"wdform-field\"><p>He le\u00eddo la informaci\u00f3n b\u00e1sica y adicional sobre protecci\u00f3n de datos y autorizo al tratamiento de mis datos de car\u00e1cter personal.<\/p><\/div><\/div><\/div><\/div><div valign=\"top\" class=\"wdform_footer wd-width-100\"><div class=\"wd-width-100\"><div class=\"wd-width-100 wd-table\" style=\"padding-top:10px;\"><div class=\"wd-table-group\"><div id=\"1page_nav1\" class=\"wd-table-row\"><\/div><\/div><\/div><\/div><\/div><\/div><\/div><div class=\"wdform_preload\"><\/div><\/form><\/div>\n\n\n<table border=\"1\">\n<tbody><tr>\n   <td colspan=\"2\"><span style=\"color:#150bd3\">INFORMACI\u00d3N B\u00c1SICA SOBRE PROTECCI\u00d3N DE DATOS<\/span>\n   <\/td>\n<\/tr>\n\n<tr>\n   <td><b>Responsable<\/b><\/td>\n   <td>M\u00aa EVA LLORET ARANDA<\/td>\n<\/tr>\n\n<tr>\n   <td><b>Finalidades<\/b><\/td>\n   <td>Contactar con usted para responder la consulta realizada.<\/td>\n<\/tr>\n\n<tr>\n   <td><b>Legitimaci\u00f3n<\/b><\/td>\n   <td>Consentimiento del interesado.<\/td>\n<\/tr>\n\n<tr>\n   <td><b>Destinatarios<\/b><\/td>\n   <td>No se ceder\u00e1n sus datos a terceros, salvo por obligaci\u00f3n legal.<\/td>\n<\/tr>\n\n<tr>\n<td><b>Encargado del tratamiento<\/b><\/td>\n<td>Titular de la p\u00e1gina y responsable de los datos M\u00aa Eva Lloret<\/td>\n<\/tr>\n<tr>\n   <td colspan=\"2\">No est\u00e1 previsto realizar transferencias internacionales de datos.<\/td>\n<\/tr>\n<\/tbody><\/table>\n\n\n\n<p><mark style=\"background-color:rgba(0, 0, 0, 0);color:#072ecb\" class=\"has-inline-color\">Derechos<\/mark><br>Acceder, rectificar y suprimir los datos, as\u00ed como otros derechos, como se explica en la informaci\u00f3n adicional.<\/p>\n\n\n\n<p>I<mark style=\"background-color:rgba(0, 0, 0, 0);color:#0127c2\" class=\"has-inline-color\">nformaci\u00f3n Adicional<\/mark><br>Puede consultar la informaci\u00f3n adicional y detallada sobre protecci\u00f3n de datos en nuestra pol\u00edtica de privacidad.<\/p>\n\n\n\n<p><\/p>\n","protected":false},"excerpt":{"rendered":"<p>Puede contactar con nosotros para cualquier comentario, sugerencia o petici\u00f3n, y estaremos encantados de atenderle a la mayor brevedad posible.Muchas Gracias. INFORMACI\u00d3N B\u00c1SICA SOBRE PROTECCI\u00d3N DE DATOS Responsable M\u00aa EVA LLORET ARANDA Finalidades Contactar con usted para responder la consulta realizada. Legitimaci\u00f3n Consentimiento del interesado. Destinatarios No se ceder\u00e1n sus [&hellip;]<\/p>\n","protected":false},"author":1,"featured_media":0,"parent":0,"menu_order":3,"comment_status":"closed","ping_status":"closed","template":"","meta":[],"yoast_head":"<!-- This site is optimized with the Yoast SEO plugin v20.8 - https:\/\/yoast.com\/wordpress\/plugins\/seo\/ -->\n<title>Contacto | Administracion Fincas<\/title>\n<meta name=\"robots\" content=\"index, follow, max-snippet:-1, max-image-preview:large, max-video-preview:-1\" \/>\n<link rel=\"canonical\" href=\"https:\/\/www.mggestion.es\/home\/contacto\/\" \/>\n<meta property=\"og:locale\" content=\"es_ES\" \/>\n<meta property=\"og:type\" content=\"article\" \/>\n<meta property=\"og:title\" content=\"Contacto | Administracion Fincas\" \/>\n<meta property=\"og:description\" content=\"Puede contactar con nosotros para cualquier comentario, sugerencia o petici\u00f3n, y estaremos encantados de atenderle a la mayor brevedad posible.Muchas Gracias. INFORMACI\u00d3N B\u00c1SICA SOBRE PROTECCI\u00d3N DE DATOS Responsable M\u00aa EVA LLORET ARANDA Finalidades Contactar con usted para responder la consulta realizada. Legitimaci\u00f3n Consentimiento del interesado. Destinatarios No se ceder\u00e1n sus [&hellip;]\" \/>\n<meta property=\"og:url\" content=\"https:\/\/www.mggestion.es\/home\/contacto\/\" \/>\n<meta property=\"og:site_name\" content=\"Administracion Fincas\" \/>\n<meta property=\"article:modified_time\" content=\"2023-05-24T10:02:17+00:00\" \/>\n<meta name=\"twitter:card\" content=\"summary_large_image\" \/>\n<meta name=\"twitter:label1\" content=\"Tiempo de lectura\" \/>\n\t<meta name=\"twitter:data1\" content=\"1 minuto\" \/>\n<script type=\"application\/ld+json\" class=\"yoast-schema-graph\">{\"@context\":\"https:\/\/schema.org\",\"@graph\":[{\"@type\":\"WebPage\",\"@id\":\"https:\/\/www.mggestion.es\/home\/contacto\/\",\"url\":\"https:\/\/www.mggestion.es\/home\/contacto\/\",\"name\":\"Contacto | Administracion Fincas\",\"isPartOf\":{\"@id\":\"https:\/\/www.mggestion.es\/home\/#website\"},\"datePublished\":\"2018-06-21T04:41:12+00:00\",\"dateModified\":\"2023-05-24T10:02:17+00:00\",\"breadcrumb\":{\"@id\":\"https:\/\/www.mggestion.es\/home\/contacto\/#breadcrumb\"},\"inLanguage\":\"es\",\"potentialAction\":[{\"@type\":\"ReadAction\",\"target\":[\"https:\/\/www.mggestion.es\/home\/contacto\/\"]}]},{\"@type\":\"BreadcrumbList\",\"@id\":\"https:\/\/www.mggestion.es\/home\/contacto\/#breadcrumb\",\"itemListElement\":[{\"@type\":\"ListItem\",\"position\":1,\"name\":\"Portada\",\"item\":\"https:\/\/www.mggestion.es\/home\/\"},{\"@type\":\"ListItem\",\"position\":2,\"name\":\"Contacto\"}]},{\"@type\":\"WebSite\",\"@id\":\"https:\/\/www.mggestion.es\/home\/#website\",\"url\":\"https:\/\/www.mggestion.es\/home\/\",\"name\":\"Administracion Fincas Alicante\",\"description\":\"Gestion y administraci\u00f3n de comunidades de propietarios en Alicante\",\"publisher\":{\"@id\":\"https:\/\/www.mggestion.es\/home\/#organization\"},\"potentialAction\":[{\"@type\":\"SearchAction\",\"target\":{\"@type\":\"EntryPoint\",\"urlTemplate\":\"https:\/\/www.mggestion.es\/home\/?s={search_term_string}\"},\"query-input\":\"required name=search_term_string\"}],\"inLanguage\":\"es\"},{\"@type\":\"Organization\",\"@id\":\"https:\/\/www.mggestion.es\/home\/#organization\",\"name\":\"Mg Gestion\",\"url\":\"https:\/\/www.mggestion.es\/home\/\",\"logo\":{\"@type\":\"ImageObject\",\"inLanguage\":\"es\",\"@id\":\"https:\/\/www.mggestion.es\/home\/#\/schema\/logo\/image\/\",\"url\":\"https:\/\/www.mggestion.es\/home\/wp-content\/uploads\/2018\/06\/logotipo_MGgestion_transparente-e1529615103444.png\",\"contentUrl\":\"https:\/\/www.mggestion.es\/home\/wp-content\/uploads\/2018\/06\/logotipo_MGgestion_transparente-e1529615103444.png\",\"width\":300,\"height\":145,\"caption\":\"Mg Gestion\"},\"image\":{\"@id\":\"https:\/\/www.mggestion.es\/home\/#\/schema\/logo\/image\/\"}}]}<\/script>\n<!-- \/ Yoast SEO plugin. -->","yoast_head_json":{"title":"Contacto | Administracion Fincas","robots":{"index":"index","follow":"follow","max-snippet":"max-snippet:-1","max-image-preview":"max-image-preview:large","max-video-preview":"max-video-preview:-1"},"canonical":"https:\/\/www.mggestion.es\/home\/contacto\/","og_locale":"es_ES","og_type":"article","og_title":"Contacto | Administracion Fincas","og_description":"Puede contactar con nosotros para cualquier comentario, sugerencia o petici\u00f3n, y estaremos encantados de atenderle a la mayor brevedad posible.Muchas Gracias. INFORMACI\u00d3N B\u00c1SICA SOBRE PROTECCI\u00d3N DE DATOS Responsable M\u00aa EVA LLORET ARANDA Finalidades Contactar con usted para responder la consulta realizada. Legitimaci\u00f3n Consentimiento del interesado. Destinatarios No se ceder\u00e1n sus [&hellip;]","og_url":"https:\/\/www.mggestion.es\/home\/contacto\/","og_site_name":"Administracion Fincas","article_modified_time":"2023-05-24T10:02:17+00:00","twitter_card":"summary_large_image","twitter_misc":{"Tiempo de lectura":"1 minuto"},"schema":{"@context":"https:\/\/schema.org","@graph":[{"@type":"WebPage","@id":"https:\/\/www.mggestion.es\/home\/contacto\/","url":"https:\/\/www.mggestion.es\/home\/contacto\/","name":"Contacto | Administracion Fincas","isPartOf":{"@id":"https:\/\/www.mggestion.es\/home\/#website"},"datePublished":"2018-06-21T04:41:12+00:00","dateModified":"2023-05-24T10:02:17+00:00","breadcrumb":{"@id":"https:\/\/www.mggestion.es\/home\/contacto\/#breadcrumb"},"inLanguage":"es","potentialAction":[{"@type":"ReadAction","target":["https:\/\/www.mggestion.es\/home\/contacto\/"]}]},{"@type":"BreadcrumbList","@id":"https:\/\/www.mggestion.es\/home\/contacto\/#breadcrumb","itemListElement":[{"@type":"ListItem","position":1,"name":"Portada","item":"https:\/\/www.mggestion.es\/home\/"},{"@type":"ListItem","position":2,"name":"Contacto"}]},{"@type":"WebSite","@id":"https:\/\/www.mggestion.es\/home\/#website","url":"https:\/\/www.mggestion.es\/home\/","name":"Administracion Fincas Alicante","description":"Gestion y administraci\u00f3n de comunidades de propietarios en Alicante","publisher":{"@id":"https:\/\/www.mggestion.es\/home\/#organization"},"potentialAction":[{"@type":"SearchAction","target":{"@type":"EntryPoint","urlTemplate":"https:\/\/www.mggestion.es\/home\/?s={search_term_string}"},"query-input":"required name=search_term_string"}],"inLanguage":"es"},{"@type":"Organization","@id":"https:\/\/www.mggestion.es\/home\/#organization","name":"Mg Gestion","url":"https:\/\/www.mggestion.es\/home\/","logo":{"@type":"ImageObject","inLanguage":"es","@id":"https:\/\/www.mggestion.es\/home\/#\/schema\/logo\/image\/","url":"https:\/\/www.mggestion.es\/home\/wp-content\/uploads\/2018\/06\/logotipo_MGgestion_transparente-e1529615103444.png","contentUrl":"https:\/\/www.mggestion.es\/home\/wp-content\/uploads\/2018\/06\/logotipo_MGgestion_transparente-e1529615103444.png","width":300,"height":145,"caption":"Mg Gestion"},"image":{"@id":"https:\/\/www.mggestion.es\/home\/#\/schema\/logo\/image\/"}}]}},"_links":{"self":[{"href":"https:\/\/www.mggestion.es\/home\/wp-json\/wp\/v2\/pages\/19"}],"collection":[{"href":"https:\/\/www.mggestion.es\/home\/wp-json\/wp\/v2\/pages"}],"about":[{"href":"https:\/\/www.mggestion.es\/home\/wp-json\/wp\/v2\/types\/page"}],"author":[{"embeddable":true,"href":"https:\/\/www.mggestion.es\/home\/wp-json\/wp\/v2\/users\/1"}],"replies":[{"embeddable":true,"href":"https:\/\/www.mggestion.es\/home\/wp-json\/wp\/v2\/comments?post=19"}],"version-history":[{"count":13,"href":"https:\/\/www.mggestion.es\/home\/wp-json\/wp\/v2\/pages\/19\/revisions"}],"predecessor-version":[{"id":305,"href":"https:\/\/www.mggestion.es\/home\/wp-json\/wp\/v2\/pages\/19\/revisions\/305"}],"wp:attachment":[{"href":"https:\/\/www.mggestion.es\/home\/wp-json\/wp\/v2\/media?parent=19"}],"curies":[{"name":"wp","href":"https:\/\/api.w.org\/{rel}","templated":true}]}}